by 66?
58
What is the remainder when 301950 is divided by 32?
30
Calculate the remainder when 172039 is divided by 1458.
1453
Calculate the remainder when 6591 is divided by 1640.
31
Calculate the remainder when 17131 is divided by 17070.
61
What is the remainder when 4913 is divided by 59?
16
Calculate the remainder when 4653 is divided by 26.
25
What is the remainder when 113490 is divided by 358?
4
What is the remainder when 9514 is divided by 1040?
154
Calculate the remainder when 962 is divided by 570.
392
What is the remainder when 6035 is divided by 1183?
120
Calculate the remainder when 3968468 is divided by 984.
980
What is the remainder when 913676 is divided by 5221?
1
What is the remainder when 19933 is divided by 9956?
21
What is the remainder when 23115 is divided by 61?
57
Calculate the remainder when 2164 is divided by 1076.
12
What is the remainder when 21215 is divided by 191?
14
What is the remainder when 2393 is divided by 697?
302
Calculate the remainder when 3203614 is divided by 20.
14
What is the remainder when 185834 is divided by 3?
2
Calculate the remainder when 9028 is divided by 104.
84
What is the remainder when 58410 is divided by 365?
10
What is the remainder when 74003 is divided by 33?
17
Calculate the remainder when 477863 is divided by 238924.
15
What is the remainder when 1185796 is divided by 44?
40
Calculate the remainder when 92810 is divided by 30893.
131
What is the remainder when 563445 is divided by 563420?
25
What is the remainder when 51873 is divided by 132?
129
What is the remainder when 481 is divided by 77?
19
Calculate the remainder when 88882 is divided by 3064.
26
What is the remainder when 6324 is divided by 288?
276
What is the remainder when 255958 is divided by 405?
403
What is the remainder when 51889 is divided by 50?
39
Calculate the remainder when 192980 is divided by 748.
744
Calculate the remainder when 7748 is divided by 330.
158
What is the remainder when 7179 is divided by 39?
3
Calculate the remainder when 9502 is divided by 271.
17
Calculate the remainder when 36171 is divided by 2125.
46
What is the remainder when 428 is divided by 196?
36
Calculate the remainder when 804385 is divided by 73.
71
What is the remainder when 6378 is divided by 1530?
258
What is the remainder when 94221 is divided by 123?
3
What is the remainder when 20526 is divided by 71?
7
What is the remainder when 71198 is divided by 65?
23
Calculate the remainder when 57747 is divided by 105.
102
What is the remainder when 10942 is divided by 109?
42
What is the remainder when 137666 is divided by 3824?
2
What is the remainder when 12270 is divided by 422?
32
What is the remainder when 41929 is divided by 11?
8
Calculate the remainder when 3145 is divided by 1547.
51
What is the remainder when 937847 is divided by 304?
7
What is the remainder when 350758 is divided by 1185?
1183
Calculate the remainder when 273 is divided by 259.
14
Calculate the remainder when 3276 is divided by 658.
644
What is the remainder when 21405 is divided by 5303?
193
What is the remainder when 13144 is divided by 84?
40
What is the remainder when 20478 is divided by 32?
30
What is the remainder when 1174688 is divided by 27?
26
What is the remainder when 676292 is divided by 43?
31
Calculate the remainder when 166939 is divided by 14.
3
What is the remainder when 35506 is divided by 696?
10
What is the remainder when 32149 is divided by 138?
133
What is the remainder when 2228298 is divided by 100?
98
Calculate the remainder when 1504532 is divided by 33.
29
What is the remainder when 30467 is divided by 10098?
173
What is the remainder when 1573 is divided by 1205?
368
What is the remainder when 5633 is divided by 971?
778
Calculate the remainder when 82660 is divided by 167.
162
Calculate the remainder when 1097 is divided by 880.
217
Calculate the remainder when 11010 is divided by 30.
0
Calculate the remainder when 254624 is divided by 222.
212
Calculate the remainder when 11063 is divided by 19.
5
What is the remainder when 7557 is divided by 1049?
214
Calculate the remainder when 152 is divided by 136.
16
What is the remainder when 118395 is divided by 592?
587
Calculate the remainder when 3343 is divided by 56.
39
Calculate the remainder when 25001 is divided by 1190.
11
Calculate the remainder when 3471 is divided by 12.
3
Calculate the remainder when 27449 is divided by 352.
345
Calculate the remainder when 36792 is divided by 1271.
1204
What is the remainder when 328925 is divided by 152?
149
Calculate the remainder when 25783 is divided by 6433.
51
What is the remainder when 4841563 is divided by 47?
46
Calculate the remainder when 2305 is divided by 968.
369
What is the remainder when 420474 is divided by 720?
714
Calculate the remainder when 691637 is divided by 18.
5
Calculate the remainder when 220530 is divided by 2506.
2
Calculate the remainder when 2799 is divided by 1675.
1124
Calculate the remainder when 5210 is divided by 1675.
185
What is the remainder when 11094 is divided by 48?
6
Calculate the remainder when 134038 is divided by 415.
408
Calculate the remainder when 727 is divided by 61.
56
Calculate the remainder when 4855 is divided by 541.
527
What is the remainder when 2529 is divided by 22?
21
Calculate the remainder when 207515 is divided by 127.
124
Calculate the remainder when 29862 is divided by 747.
729
Calculate the remainder when 16757 is divided by 5425.
482
What is the remainder when 2495 is divided by 1232?
31
What is the remainder when 19891 is divided by 848?
387
What is the remainder when 25894 is divided by 47?
44
Calculate the remainder when 21825 is divided by 428.
425
Calculate the remainder when 4181 is divided by 347.
17
What is the remainder when 64238 is divided by 4937?
57
Calculate the remainder when 39722 is divided by 727.
464
What is the remainder when 22664 is divided by 613?
596
What is the remainder when 924 is divided by 175?
49
What is the remainder when 16559 is divided by 290?
29
What is the remainder when 3494 is divided by 349?
4
What is the remainder when 16926 is divided by 4181?
202
What is the remainder when 3621 is divided by 2?
1
What is the remainder when 676663 is divided by 22?
9
What is the remainder when 535847 is divided by 538?
537
What is the remainder when 3774 is divided by 939?
18
What is the remainder when 230399 is divided by 100?
99
Calculate the remainder when 674900 is divided by 1646.
40
Calculate the remainder when 59736 is divided by 74.
18
What is the remainder when 7388 is divided by 7381?
7
What is the remainder when 1525821 is divided by 216?
213
Calculate the remainder when 98941 is divided by 83.
5
Calculate the remainder when 15589 is divided by 41.
9
What is the remainder when 456544 is divided by 57?
31
Calculate the remainder when 2701 is divided by 27.
1
Calculate the remainder when 1489639 is divided by 5119.
10
What is the remainder when 60568 is divided by 40?
8
Calculate the remainder when 74329 is divided by 6757.
2
Calculate the remainder when 66463 is divided by 268.
267
What is the remainder when 419157 is divided by 12?
9
What is the remainder when 2096 is divided by 81?
71
Calculate the remainder when 10345 is divided by 173.
138
What is the remainder when 30322 is divided by 919?
914
Calculate the remainder when 550 is divided by 51.
40
Calculate the remainder when 2734 is divided by 458.
444
What is the remainder when 23185 is divided by 550?
85
What is the remainder when 138078 is divided by 5?
3
What is the remainder when 1974174 is divided by 304?
302
Calculate the remainder when 15490 is divided by 1549.
0
What is the remainder when 20987 is divided by 396?
395
What is the remainder when 68146 is divided by 323?
316
What is the remainder when 105820 is divided by 35270?
10
Calculate the remainder when 11391 is divided by 5610.
171
Calculate the remainder when 8605 is divided by 30.
25
Calculate the remainder when 3979 is divided by 790.
29
What is the remainder when 25864 is divided by 444?
112
What is the remainder when 988 is divided by 359?
270
What is the remainder when 6879 is divided by 16?
15
Calculate the remainder when 8884 is divided by 5.
4
Calculate the remainder when 238853 is divided by 22.
21
Ca